+ -2?
50847210
In base 7, what is 1310523266 - -5?
1310523304
In base 3, what is 12 - -1122211010100120?
1122211010100202
In base 6, what is -4430351 - -132?
-4430215
In base 8, what is 67203615 - -5?
67203622
In base 12, what is -149a789 - -5?
-149a784
In base 6, what is 350050313 - -1?
350050314
In base 12, what is 9 - 321025?
-321018
In base 4, what is -3000221232 + -233?
-3000222131
In base 4, what is -3233021 - -11300?
-3221121
In base 11, what is -6a148165 + -3?
-6a148168
In base 6, what is -105433434 - 13?
-105433451
In base 2, what is -101111110000000100110111 - -11?
-101111110000000100110100
In base 14, what is -9 - 1c97498?
-1c974a3
In base 15, what is a3873 + -15?
a385d
In base 3, what is -12010100122110100 - 1?
-12010100122110101
In base 16, what is -462dd5 - -1?
-462dd4
In base 12, what is -42 - -4ab927?
4ab8a5
In base 4, what is -2103 - 102013303100?
-102013311203
In base 9, what is 2131 - -64776?
67017
In base 3, what is 2100210002001 + -102?
2100210001122
In base 3, what is 2 + 2020112011101?
2020112011110
In base 11, what is -51064 - 117?
-51180
In base 13, what is -7637 + -774?
-80ab
In base 8, what is -215 + -44510534?
-44510751
In base 9, what is -244 - 1145360?
-1145614
In base 8, what is 17445 + -22651?
-3204
In base 9, what is 73 - -5084018?
5084102
In base 7, what is -104121 - 34446?
-141600
In base 6, what is -1004 - -141400231?
141355223
In base 8, what is 276010452 + -11?
276010441
In base 3, what is 101200020 + 111221?
102012011
In base 7, what is 4 + -43512003?
-43511666
In base 12, what is 2515a367 + -4?
2515a363
In base 16, what is -3 - 1a24dd?
-1a24e0
In base 2, what is -11001111110000000 + -101111?
-11001111110101111
In base 6, what is -120 - -52401000?
52400440
In base 10, what is 1 + 5861654?
5861655
In base 2, what is -100100 - -110100011110111101101100?
110100011110111101001000
In base 2, what is 11 + 110011110000100011111111010?
110011110000100011111111101
In base 5, what is -13222311440 - 11?
-13222312001
In base 10, what is 2456935 - -9?
2456944
In base 12, what is a + -76835?
-76827
In base 8, what is 34220455 - -55?
34220532
In base 8, what is -3436 + -104424?
-110062
In base 6, what is 3403004 + -110?
3402454
In base 4, what is 20212021013230 + 0?
20212021013230
In base 6, what is -1 - -222504123?
222504122
In base 15, what is -1646143 - -8?
-164613a
In base 12, what is -10743330 - 7?
-10743337
In base 13, what is -461bb5 + 28?
-461b8a
In base 11, what is 49a0658 - -35?
49a0692
In base 15, what is -20eed + 18?
-20ed5
In base 13, what is -19c124 - -156?
-19bc9b
In base 9, what is -56 + -1233373?
-1233440
In base 16, what is -d0bdb3e - -4?
-d0bdb3a
In base 2, what is -10001000101101000 + -111100000010?
-10010000001101010
In base 14, what is 0 - -c88ba43?
c88ba43
In base 7, what is -1423011 + 104?
-1422604
In base 9, what is -216 - -314274?
314057
In base 13, what is -1aca109a - 4?
-1aca10a1
In base 5, what is -4323 + 3031440?
3022112
In base 16, what is -10c3 + 3fe?
-cc5
In base 6, what is 250131453 - -1?
250131454
In base 9, what is -32 + 661072?
661040
In base 11, what is -3098 - -513?
-2685
In base 15, what is -ca1 - 283e?
-35e0
In base 15, what is 5a5a5 - -55a?
5ab10
In base 14, what is 2 - 4932893?
-4932891
In base 12, what is -7ab66 - 12a?
-7b094
In base 10, what is 412 + 25755?
26167
In base 8, what is 20723 - -1271?
22214
In base 16, what is 675 + -3d48?
-36d3
In base 14, what is -b6863a - -4?
-b68636
In base 7, what is -546046 - 121?
-546200
In base 7, what is -234222145 + 0?
-234222145
In base 5, what is -232020 + -110?
-232130
In base 5, what is 240 + 122124?
122414
In base 15, what is -6c4 - -22?
-6a2
In base 5, what is 134301402 - 3?
134301344
In base 9, what is 2 - 486307533?
-486307531
In base 13, what is 11 + 1285022?
1285033
In base 3, what is 12002212 - 10022211?
1210001
In base 11, what is -5894 + -1045?
-6929
In base 16, what is 2b98590 + -d?
2b98583
In base 13, what is -624a98b + 1?
-624a98a
In base 15, what is -1063d - -10?
-1062d
In base 11, what is -3 - -494a116?
494a113
In base 8, what is -6611 + -711054?
-717665
In base 8, what is 2011 + -1520?
271
In base 10, what is -5 + -2291865?
-2291870
In base 11, what is 190757a - 10?
190756a
In base 3, what is 11022010011000 + 10?
11022010011010
In base 2, what is 1010 - -110011010100011000001?
110011010100011001011
In base 16, what is -9b + cdf4?
cd59
In base 9, what is 5045 - -13756?
18812
In base 16, what is -ed657 + 5c1?
-ed096
In base 15, what is -383 - c2?
-455
In base 16, what is 7 + -41a18d6?
-41a18cf
In base 12, what is 5 + 1a8187a?
1a81883
In base 12, what is 4b163 - 24?
4b13b
In base 3, what is 10121 - -1100220001112?
1100220012010
In base 13, what is 3 + 58398c0?
58398c3
In base 12, what is 4 + 67ba1186?
67ba118a
In base 9, what is -2 + -65524565?
-65524567
In base 10, what is -53604 - -95?
-53509
In base 15, what is -2 - -e0cdd?
e0cdb
In base 16, what is a - -2e4066a?
2e40674
In base 2, what is 11101100111101010111011110 - -11?
11101100111101010111100001
In base 12, what is 3004050 + 3?
3004053
In base 11, what is 1 + -6084259?
-6084258
In base 13, what is 3c173 + 4a8?
3c64b
In base 7, what is 1212 - -465234?
466446
In base 13, what is -4 - -45c846?
45c842
In base 7, what is -36160406 + 133?
-36160243
In base 11, what is -230 - -310851?
310621
In base 14, what is -5 - 81235c?
-812363
In base 15, what is 4 + -154417a7?
-154417a3
In base 10, what is 7068636 + 15?
7068651
In base 10, what is 887400 - -1?
887401
In base 8, what is 1 + -13102453?
-13102452
In base 10, what is 5 - -4618938?
4618943
In base 3, what is -2 + 1002200220220?
1002200220211
In base 12, what is 18145 + -5a27?
1231a
In base 8, what is 42306 + -525?
41561
In base 14, what is 5db11b9 + 0?
5db11b9
In base 11, what is 4 - -152a8579?
152a8582
In base 5, what is -41 - 424322310?
-424322401
In base 15, what is -40ebb - 215?
-411d1
In base 6, what is 1430 - 231555?
-230125
In base 7, what is 1 - -22311566?
22311600
In base 15, what is -b312 - -29a5?
-885c
In base 4, what is 2122 + -1002202302?
-1002200120
In base 10, what is 9 + -140533?
-140524
In base 4, what is -11033333101200 + -23?
-11033333101223
In base 13, what is -c64 - -33717?
32783
In base 9, what is 11 - -44048140?
44048151
In base 9, what is -8 - 63477288?
-63477307
In base 15, what is 4cd419 - -11?
4cd42a
In base 7, what is 35 - -1526222?
1526260
In base 10, what is -6 - -1318638?
1318632
In base 12, what is -12aa11 - -13?
-12a9ba
In base 2, what is 10000110111110 + -1000101100?
1111110010010
In base 14, what is 10 - -27620b?
27621b
In base 5, what is -120433021012 - -4?
-120433021003
In base 13, what is -c + -a2ac2?
-a2b01
In base 3, what is -11011020210 + -1020221?
-11012111201
In base 7, what is 63 + 5444333?
5444426
In base 11, what is 0 + -12850176?
-12850176
In base 5, what is 3313223 + 442?
3314220
In base 15, what is d08d + -84b9?
4ac4
In base 4, what is 22120001 - -2210?
22122211
In base 15, what is 2a + 5c7cc?
5c807
In base 5, what is 4240331 + 131304?
4422140
In base 3, what is -200112110 + -2122?
-200122002
In base 16, what is 154f2 - -1d?
1550f
In base 14, what is -192ba6 - 36?
-192bdc
In base 11, what is -33135 + 6a8?
-32538
In base 15, what is b7 - -301d?
30d5
In base 14, what is -38174389 + 2?
-38174387
In base 2, what is -100110010001110011 + 110011010110?
-100101011110011101
In base 6, what is -2424532 - -2341?
-2422151
In base 4, what is 123220 + 1100121?
1230001
In base 4, what is -2321212100 - 30020?
-2321302120
In base 6, what is -54400 - -44015?
-10341
In base 16, what is -34c13a + -40?
-34c17a
In base 11, what is 7 + 10a87878?
10a87884
In base 12, what is 17 - -142a3a?
142a55
In base 7, what is 156 + 5323166?
5323355
In base 12, what is 209b2 + 135?
20b27
In base 15, what is 3 + -7e5c91?
-7e5c8d
In base 14, what is -27aa0 + 973?
-2712b
In base 4, what is 111132032232 - -13?
111132032311
In base 2, what is -1001000011100000 + -11000100?
-1001000110100100
In base 5, what is -3333330012 - 4?
-3333330021
In base 7, what is -260414 - 10064?
-300511
In base 15, what is -6 - -106554?
10654d
In base 14, what is -5d5 + -a31d?
-a914
In base 14, what is 12a97c5 + -5?
12a97c0
In base 15, what is -4a - 65dbca?
-65dc25
In base 6, what is -15 + -15230011?
-15230030
In base 2, what is 1